{"id":736,"date":"2012-03-16T16:23:53","date_gmt":"2012-03-16T14:23:53","guid":{"rendered":"https:\/\/finzipasca.com\/?page_id=736"},"modified":"2022-10-10T14:54:19","modified_gmt":"2022-10-10T12:54:19","slug":"maria-bonzanigo","status":"publish","type":"page","link":"https:\/\/finzipasca.com\/it\/compagnia\/team\/maria-bonzanigo\/","title":{"rendered":"Maria Bonzanigo"},"content":{"rendered":"<h3>Maria Bonzanigo\u00a0<b>(Losanna, Svizzera), <\/b>co-fondatrice della Compagnia Finzi Pasca<\/h3>\n<p>Compositrice e coreografa<\/p>\n<p><a href=\"https:\/\/finzipasca.com\/wp-content\/uploads\/2012\/03\/Maria.png\"><img loading=\"lazy\" decoding=\"async\" class=\" wp-image-10780 size-full alignleft\" title=\"Maria Bonzanigo\" src=\"https:\/\/finzipasca.com\/wp-content\/uploads\/2012\/03\/Maria.png\" alt=\"\" width=\"142\" height=\"213\" \/><\/a><\/p>\n<p><span data-contrast=\"none\">Maria Bonzanigo ha composto musica e coreografie per la danza, per il teatro, per l&#8217;opera lirica, per grandi eventi, per il circo, per il cinema, per solisti e insiemi da camera, per orchestra e per coro. studia composizione con Paul Glass e danza, pedagogia della danza e coreografia con Rosalia\u202fChladek. Negli anni novanta \u00e8 professore per i corsi di formazione dell&#8217;IGRC\u202f(Chladek<\/span><span data-contrast=\"none\">\u00ae<\/span><span data-contrast=\"none\">System).\u202f<\/span><span data-ccp-props=\"{&quot;134233117&quot;:true,&quot;134233118&quot;:true}\">\u00a0<\/span><\/p>\n<p><span data-contrast=\"none\">Nel 1984 incontra Daniele Finzi Pasca, con il quale inizia\u202f<\/span><span data-contrast=\"none\">e<\/span><span data-contrast=\"none\">\u202favvia una collaborazione artistica intensa e duratura. Assieme sviluppano una tecnica teatrale che battezzano &#8220;Teatro\u202fdella carezza&#8221; e fondano con Marco Finzi Pasca e successivamente con Antonio Vergamini, Hugo Gargiulo e Dolores Heredia, la compagnia Teatro Sunil. Dagli anni 80 fino al 2010 Maria Bonzanigo<\/span><span data-contrast=\"none\"> \u00e8 stata attiva (oltre che come compositrice e coreografa) come danzatrice e attrice. Dal 2010 decide di non stare pi\u00f9 sulla scena come interprete e si concentra maggiormente sulla composizione e la coreografia, perfezionando e sviluppando la sua visione e stile, in particolare per quanto riguarda il rapporto che intercorre tra musica e scena.\u00a0<\/span><span data-ccp-props=\"{&quot;134233117&quot;:true,&quot;134233118&quot;:true}\">\u00a0<\/span><\/p>\n<p><span data-contrast=\"none\">Nel 2011, insieme ad Antonio Vergamini, Daniele Finzi Pasca, Hugo Gargiulo e Julie Hamelin Finzi, co-fonda la <\/span><i><span data-contrast=\"none\">Compagnia Finzi Pasca<\/span><\/i><span data-contrast=\"none\">, una nuova struttura che unisce i destini\u202fdel <\/span><i><span data-contrast=\"none\">Teatro Sunil<\/span><\/i><span data-contrast=\"none\"> e di <\/span><i><span data-contrast=\"none\">Inlevitas<\/span><\/i><span data-contrast=\"none\">. Alcuni dei progetti salienti nei quali Maria Bonzanigo ha partecipato come creatrice sono\u202f<\/span><i><span data-contrast=\"none\">Rain, comme une pluie dans tes <\/span><\/i><span data-contrast=\"none\">yeux\u202f(musiche), produzione del Cirque Eloize,\u202f<\/span><i><span data-contrast=\"none\">Corteo<\/span><\/i><span data-contrast=\"none\">\u202f(musiche) produzione del 2005 del Cirque du Soleil (oltre 8 milioni\u202fdi spettatori), la\u202fCerimonia di chiusura dei\u202fGiochi Olimpici di Torino 2006 (parte della musica originale e delle coreografie acrobatiche),\u202f<\/span><i><span data-contrast=\"none\">Montr\u00e9al Avudo\u202f<\/span><\/i><span data-contrast=\"none\">(una produzione per il 375mo anniversario della citt\u00e0 canadese nel 2017 con sue musiche originali registrate dalla Orchestre M\u00e9tropolitain di Montr\u00e9al, la\u202f<\/span><i><span data-contrast=\"none\">F\u00eate des Vignerons<\/span><\/i><span data-contrast=\"none\"> 2019, uno spettacolo-celebrazione che viene creato a Vevey (Svizzera)\u202fda 4 a 5 volte al secolo e per il quale \u00e8 stata direttrice musicale e compositrice principale. <\/span><\/p>\n<p><span data-contrast=\"none\">Tra le varie produzioni della Compagnia Finzi Pasca spiccano gli spettacoli\u202f<\/span><i><span data-contrast=\"none\">Donka. Una lettera a\u202f<\/span><\/i><i><span data-contrast=\"none\">\u010cechov,<\/span><\/i><i><span data-contrast=\"none\">\u202f<\/span><\/i><span data-contrast=\"none\">musiche e co-coreografie,\u202f(creato per il 150mo anniversario della nascita di Anton <\/span><span data-contrast=\"none\">\u010cechov<\/span><span data-contrast=\"none\">).\u202f<\/span><i><span data-contrast=\"none\">La Verit\u00e0\u202f<\/span><\/i><span data-contrast=\"none\">(2013),\u202f<\/span><i><span data-contrast=\"none\">Per Te\u202f<\/span><\/i><span data-contrast=\"none\">(2016) e\u202f<\/span><i><span data-contrast=\"none\">Nebbia<\/span><\/i><span data-contrast=\"none\">\u202f(2007) musiche e co-coreografie, per il quale ha ricevuto (per le musiche) il premio <\/span><i><span data-contrast=\"none\">Gascon-Roux Award\u202f<\/span><\/i><span data-contrast=\"none\">del Th\u00e9\u00e2tre du Nouveau Monde (TNM) a Montr\u00e9al. Per questi tre spettacoli e in altre occasioni\u202fle sue composizioni sono state registrate dall&#8217;OSI Orchestra della Svizzera italiana a Lugano (Svizzera). Da sottolineare \u00e8 la sua importante e fruttuosa collaborazione artistica nel mondo teatrale, circense, operistico e dei grandi eventi, sempre con lo stesso team di creatori: il regista e autore Daniele Finzi Pasca, lo scenografo Hugo Gargiulo (suo marito), la costumista Giovanna Buzzi e il video-artista Roberto Vitalini.\u00a0<\/span><span data-ccp-props=\"{&quot;134233117&quot;:true,&quot;134233118&quot;:true}\">\u00a0<\/span><\/p>\n<p><span data-contrast=\"none\">Per il cinema, oltre ad essere presente con la sua musica in numerosi documentari, scrive la musica originale di\u202f<\/span><i><span data-contrast=\"none\">Oro verde\u202f<\/span><\/i><span data-contrast=\"none\">(2014) e\u202f<\/span><i><span data-contrast=\"none\">L&#8217;Afrique des Femmes\u202f<\/span><\/i><span data-contrast=\"none\">(2021) di Mohammed Soudani e del documentario sul CERN,\u202f<\/span><i><span data-contrast=\"none\">Il senso della\u202fbellezza\u202f<\/span><\/i><span data-contrast=\"none\">(2017), di Valerio Jalongo. Per l&#8217;opera lirica firma le coreografie di\u202f<\/span><i><span data-contrast=\"none\">Pagliacci<\/span><\/i><span data-contrast=\"none\">\u202fdi Leoncavallo (Teatro San Carlo, Napoli, 2011) diretta dal Maestro Donato Renzetti, poi dal Maestro Nello Santi,\u202f<\/span><i><span data-contrast=\"none\">Carmen\u202f<\/span><\/i><span data-contrast=\"none\">di Bizet (Teatro San Carlo, 2016) diretta dal Maestro Zubin Mehta,\u202f<\/span><i><span data-contrast=\"none\">Les Contes d&#8217;Hoffmann\u202f<\/span><\/i><span data-contrast=\"none\">di Hoffenbach (Staatsoper Hamburg 2021), diretta dal Maestro Ken Nagano \u202fe con Daniele Finzi Pasca\u202ffirma\u202fle coreografie di\u202f<\/span><i><span data-contrast=\"none\">Einstein on the Beach\u202f<\/span><\/i><span data-contrast=\"none\">di Philip Glass (Grand th\u00e9atre de Gen\u00e8ve 2019) diretta dal Maestro Titus Engel. Le sue musiche sono in parte pubblicate da Jecklin, Teatro Sunil, Cirque du Soleil, Cirque Eloize, Edizioni de Agostini, Compagnia Finzi Pasca, VDE GALLO,\u202fEditions Schola Cantorum.<\/span><\/p>\n","protected":false},"excerpt":{"rendered":"<p>Maria Bonzanigo\u00a0(Losanna, Svizzera), co-fondatrice della Compagnia Finzi Pasca Compositrice e coreografa Maria Bonzanigo ha composto musica e coreografie per la danza, per il teatro, per l&#8217;opera lirica, per grandi eventi, per il circo, per il cinema, per solisti e insiemi da camera, per orchestra e per coro. studia composizione con Paul Glass e danza, pedagogia della danza e coreografia con Rosalia\u202fChladek. Negli anni novanta \u00e8 professore per i corsi di formazione dell&#8217;IGRC\u202f(Chladek\u00aeSystem).\u202f\u00a0 Nel 1984 incontra Daniele Finzi Pasca, con il quale inizia\u202fe\u202favvia una collaborazione artistica intensa e duratura. Assieme sviluppano una tecnica teatrale che battezzano &#8220;Teatro\u202fdella carezza&#8221; e fondano con Marco Finzi Pasca e successivamente con Antonio Vergamini, Hugo Gargiulo e Dolores Heredia, la compagnia Teatro Sunil. Dagli anni 80 fino al 2010 Maria Bonzanigo \u00e8 stata attiva (oltre che come compositrice e coreografa) come danzatrice e attrice. Dal 2010 decide di non stare pi\u00f9 sulla scena come interprete e si concentra maggiormente sulla composizione e la coreografia, perfezionando e sviluppando la sua visione e stile, in particolare per quanto riguarda il rapporto che intercorre tra musica e scena.\u00a0\u00a0 Nel 2011, insieme ad Antonio Vergamini, Daniele Finzi Pasca, Hugo Gargiulo e Julie Hamelin Finzi, co-fonda la Compagnia Finzi Pasca, una [&hellip;]<\/p>\n","protected":false},"author":80,"featured_media":0,"parent":74,"menu_order":20,"comment_status":"open","ping_status":"open","template":"","meta":{"_acf_changed":false,"footnotes":""},"class_list":["post-736","page","type-page","status-publish","hentry"],"acf":[],"_links":{"self":[{"href":"https:\/\/finzipasca.com\/it\/wp-json\/wp\/v2\/pages\/736","targetHints":{"allow":["GET"]}}],"collection":[{"href":"https:\/\/finzipasca.com\/it\/wp-json\/wp\/v2\/pages"}],"about":[{"href":"https:\/\/finzipasca.com\/it\/wp-json\/wp\/v2\/types\/page"}],"author":[{"embeddable":true,"href":"https:\/\/finzipasca.com\/it\/wp-json\/wp\/v2\/users\/80"}],"replies":[{"embeddable":true,"href":"https:\/\/finzipasca.com\/it\/wp-json\/wp\/v2\/comments?post=736"}],"version-history":[{"count":3,"href":"https:\/\/finzipasca.com\/it\/wp-json\/wp\/v2\/pages\/736\/revisions"}],"predecessor-version":[{"id":23917,"href":"https:\/\/finzipasca.com\/it\/wp-json\/wp\/v2\/pages\/736\/revisions\/23917"}],"up":[{"embeddable":true,"href":"https:\/\/finzipasca.com\/it\/wp-json\/wp\/v2\/pages\/74"}],"wp:attachment":[{"href":"https:\/\/finzipasca.com\/it\/wp-json\/wp\/v2\/media?parent=736"}],"curies":[{"name":"wp","href":"https:\/\/api.w.org\/{rel}","templated":true}]}}

<h3>Maria Bonzanigo <b>(Losanna, Svizzera), </b>co-fondatrice della Compagnia Finzi Pasca</h3>
<p>Compositrice e coreografa</p>
<p><a href="https://finzipasca.com/wp-content/uploads/2012/03/Maria.png"><img loading="lazy" decoding="async" class=" wp-image-10780 size-full alignleft" title="Maria Bonzanigo" src="https://finzipasca.com/wp-content/uploads/2012/03/Maria.png" alt="" width="142" height="213" /></a></p>
<p><span data-contrast="none">Maria Bonzanigo ha composto musica e coreografie per la danza, per il teatro, per l&#8217;opera lirica, per grandi eventi, per il circo, per il cinema, per solisti e insiemi da camera, per orchestra e per coro. studia composizione con Paul Glass e danza, pedagogia della danza e coreografia con Rosalia Chladek. Negli anni novanta è professore per i corsi di formazione dell&#8217;IGRC (Chladek</span><span data-contrast="none">®</span><span data-contrast="none">System). </span><span data-ccp-props="{&quot;134233117&quot;:true,&quot;134233118&quot;:true}"> </span></p>
<p><span data-contrast="none">Nel 1984 incontra Daniele Finzi Pasca, con il quale inizia </span><span data-contrast="none">e</span><span data-contrast="none"> avvia una collaborazione artistica intensa e duratura. Assieme sviluppano una tecnica teatrale che battezzano &#8220;Teatro della carezza&#8221; e fondano con Marco Finzi Pasca e successivamente con Antonio Vergamini, Hugo Gargiulo e Dolores Heredia, la compagnia Teatro Sunil. Dagli anni 80 fino al 2010 Maria Bonzanigo</span><span data-contrast="none"> è stata attiva (oltre che come compositrice e coreografa) come danzatrice e attrice. Dal 2010 decide di non stare più sulla scena come interprete e si concentra maggiormente sulla composizione e la coreografia, perfezionando e sviluppando la sua visione e stile, in particolare per quanto riguarda il rapporto che intercorre tra musica e scena. </span><span data-ccp-props="{&quot;134233117&quot;:true,&quot;134233118&quot;:true}"> </span></p>
<p><span data-contrast="none">Nel 2011, insieme ad Antonio Vergamini, Daniele Finzi Pasca, Hugo Gargiulo e Julie Hamelin Finzi, co-fonda la </span><i><span data-contrast="none">Compagnia Finzi Pasca</span></i><span data-contrast="none">, una nuova struttura che unisce i destini del </span><i><span data-contrast="none">Teatro Sunil</span></i><span data-contrast="none"> e di </span><i><span data-contrast="none">Inlevitas</span></i><span data-contrast="none">. Alcuni dei progetti salienti nei quali Maria Bonzanigo ha partecipato come creatrice sono </span><i><span data-contrast="none">Rain, comme une pluie dans tes </span></i><span data-contrast="none">yeux (musiche), produzione del Cirque Eloize, </span><i><span data-contrast="none">Corteo</span></i><span data-contrast="none"> (musiche) produzione del 2005 del Cirque du Soleil (oltre 8 milioni di spettatori), la Cerimonia di chiusura dei Giochi Olimpici di Torino 2006 (parte della musica originale e delle coreografie acrobatiche), </span><i><span data-contrast="none">Montréal Avudo </span></i><span data-contrast="none">(una produzione per il 375mo anniversario della città canadese nel 2017 con sue musiche originali registrate dalla Orchestre Métropolitain di Montréal, la </span><i><span data-contrast="none">Fête des Vignerons</span></i><span data-contrast="none"> 2019, uno spettacolo-celebrazione che viene creato a Vevey (Svizzera) da 4 a 5 volte al secolo e per il quale è stata direttrice musicale e compositrice principale. </span></p>
<p><span data-contrast="none">Tra le varie produzioni della Compagnia Finzi Pasca spiccano gli spettacoli </span><i><span data-contrast="none">Donka. Una lettera a </span></i><i><span data-contrast="none">Čechov,</span></i><i><span data-contrast="none"> </span></i><span data-contrast="none">musiche e co-coreografie, (creato per il 150mo anniversario della nascita di Anton </span><span data-contrast="none">Čechov</span><span data-contrast="none">). </span><i><span data-contrast="none">La Verità </span></i><span data-contrast="none">(2013), </span><i><span data-contrast="none">Per Te </span></i><span data-contrast="none">(2016) e </span><i><span data-contrast="none">Nebbia</span></i><span data-contrast="none"> (2007) musiche e co-coreografie, per il quale ha ricevuto (per le musiche) il premio </span><i><span data-contrast="none">Gascon-Roux Award </span></i><span data-contrast="none">del Théâtre du Nouveau Monde (TNM) a Montréal. Per questi tre spettacoli e in altre occasioni le sue composizioni sono state registrate dall&#8217;OSI Orchestra della Svizzera italiana a Lugano (Svizzera). Da sottolineare è la sua importante e fruttuosa collaborazione artistica nel mondo teatrale, circense, operistico e dei grandi eventi, sempre con lo stesso team di creatori: il regista e autore Daniele Finzi Pasca, lo scenografo Hugo Gargiulo (suo marito), la costumista Giovanna Buzzi e il video-artista Roberto Vitalini. </span><span data-ccp-props="{&quot;134233117&quot;:true,&quot;134233118&quot;:true}"> </span></p>
<p><span data-contrast="none">Per il cinema, oltre ad essere presente con la sua musica in numerosi documentari, scrive la musica originale di </span><i><span data-contrast="none">Oro verde </span></i><span data-contrast="none">(2014) e </span><i><span data-contrast="none">L&#8217;Afrique des Femmes </span></i><span data-contrast="none">(2021) di Mohammed Soudani e del documentario sul CERN, </span><i><span data-contrast="none">Il senso della bellezza </span></i><span data-contrast="none">(2017), di Valerio Jalongo. Per l&#8217;opera lirica firma le coreografie di </span><i><span data-contrast="none">Pagliacci</span></i><span data-contrast="none"> di Leoncavallo (Teatro San Carlo, Napoli, 2011) diretta dal Maestro Donato Renzetti, poi dal Maestro Nello Santi, </span><i><span data-contrast="none">Carmen </span></i><span data-contrast="none">di Bizet (Teatro San Carlo, 2016) diretta dal Maestro Zubin Mehta, </span><i><span data-contrast="none">Les Contes d&#8217;Hoffmann </span></i><span data-contrast="none">di Hoffenbach (Staatsoper Hamburg 2021), diretta dal Maestro Ken Nagano  e con Daniele Finzi Pasca firma le coreografie di </span><i><span data-contrast="none">Einstein on the Beach </span></i><span data-contrast="none">di Philip Glass (Grand théatre de Genève 2019) diretta dal Maestro Titus Engel. Le sue musiche sono in parte pubblicate da Jecklin, Teatro Sunil, Cirque du Soleil, Cirque Eloize, Edizioni de Agostini, Compagnia Finzi Pasca, VDE GALLO, Editions Schola Cantorum.</span></p>

<p>Maria Bonzanigo (Losanna, Svizzera), co-fondatrice della Compagnia Finzi Pasca Compositrice e coreografa Maria Bonzanigo ha composto musica e coreografie per la danza, per il teatro, per l&#8217;opera lirica, per grandi eventi, per il circo, per il cinema, per solisti e insiemi da camera, per orchestra e per coro. studia composizione con Paul Glass e danza, pedagogia della danza e coreografia con Rosalia Chladek. Negli anni novanta è professore per i corsi di formazione dell&#8217;IGRC (Chladek®System).   Nel 1984 incontra Daniele Finzi Pasca, con il quale inizia e avvia una collaborazione artistica intensa e duratura. Assieme sviluppano una tecnica teatrale che battezzano &#8220;Teatro della carezza&#8221; e fondano con Marco Finzi Pasca e successivamente con Antonio Vergamini, Hugo Gargiulo e Dolores Heredia, la compagnia Teatro Sunil. Dagli anni 80 fino al 2010 Maria Bonzanigo è stata attiva (oltre che come compositrice e coreografa) come danzatrice e attrice. Dal 2010 decide di non stare più sulla scena come interprete e si concentra maggiormente sulla composizione e la coreografia, perfezionando e sviluppando la sua visione e stile, in particolare per quanto riguarda il rapporto che intercorre tra musica e scena.   Nel 2011, insieme ad Antonio Vergamini, Daniele Finzi Pasca, Hugo Gargiulo e Julie Hamelin Finzi, co-fonda la Compagnia Finzi Pasca, una [&hellip;]</p>
